{"id":1089,"date":"2022-03-31T06:32:14","date_gmt":"2022-03-31T06:32:14","guid":{"rendered":"https:\/\/wordpressriverthemes.com\/demodata\/?page_id=1089"},"modified":"2024-02-11T18:30:07","modified_gmt":"2024-02-11T17:30:07","slug":"our-services-v2","status":"publish","type":"page","link":"https:\/\/www.testlyara.backxport.com\/index.php\/our-services-v2\/","title":{"rendered":"Gestion de production"},"content":{"rendered":"\t\t<div data-elementor-type=\"wp-page\" data-elementor-id=\"1089\" class=\"elementor elementor-1089\">\n\t\t\t\t\t\t<section class=\"elementor-section elementor-top-section elementor-element elementor-element-fbd1268 elementor-section-full_width elementor-section-height-default elementor-section-height-default\" data-id=\"fbd1268\" data-element_type=\"section\" data-e-type=\"section\">\n\t\t\t\t\t\t<div class=\"elementor-container elementor-column-gap-default\">\n\t\t\t\t\t<div class=\"elementor-column elementor-col-100 elementor-top-column elementor-element elementor-element-33f97ad\" data-id=\"33f97ad\" data-element_type=\"column\" data-e-type=\"column\">\n\t\t\t<div class=\"elementor-widget-wrap elementor-element-populated\">\n\t\t\t\t\t\t<div class=\"elementor-element elementor-element-8b725c8 elementor-widget elementor-widget-maservices\" data-id=\"8b725c8\" data-element_type=\"widget\" data-e-type=\"widget\" data-widget_type=\"maservices.default\">\n\t\t\t\t<div class=\"elementor-widget-container\">\n\t\t\t\t\t\n        <!-- Star Services\n    ============================================= -->\n    <div class=\"services-content-area text-center carousel-shadow bg-gray default-padding\">\n        <!-- Shape-->\n        <div class=\"shape\" style=\"background-image: url(http:\/\/www.testlyara.backxport.com\/wp-content\/uploads\/2024\/01\/Designer1.png);\"><\/div>\n        <!-- End Shape-->\n        <div class=\"container\">\n            <div class=\"row\">\n                <div class=\"col-lg-6 offset-lg-3\">\n                    <div class=\"heading-center text-center\">\n                        <h5>La gestion de production, un pilier de la performance industrielle pour les entreprises<\/h5>\n                        <h2>La gestion de production est une fonction essentielle pour toute entreprise industrielle. En ma\u00eetrisant ses diff\u00e9rents aspects, les entreprises peuvent am\u00e9liorer leur performance, leur comp\u00e9titivit\u00e9 et leur rentabilit\u00e9.<\/h2>\n                    <\/div>\n                <\/div>\n            <\/div>\n        <\/div>\n        <div class=\"container\">\n            <div class=\"services-content-box services-stage-carousel owl-carousel owl-theme\">\n                                <!-- Signle item -->\n                <div class=\"item\">\n                    <div class=\"icon\">\n                        <i class=\"fas fa-bullseye-pointer\"><\/i>\n                    <\/div>\n                    <h4>Planification et pilotage de la production<\/h4>\n                    <p>\n                        La planification et le pilotage de la production consistent \u00e0 d\u00e9finir les objectifs de production, \u00e0 d\u00e9composer les t\u00e2ches en \u00e9tapes \u00e9l\u00e9mentaires, \u00e0 planifier les ressources n\u00e9cessaires et \u00e0 suivre l&#039;avancement de la production. \n                    <\/p>\n                    <a href=\"\"> <i class=\"arrow_right\"><\/i><\/a>\n                <\/div>\n                <!-- End Signle item -->                <!-- Signle item -->\n                <div class=\"item\">\n                    <div class=\"icon\">\n                        <i class=\"fas fa-mail-bulk\"><\/i>\n                    <\/div>\n                    <h4>Gestion des stocks<\/h4>\n                    <p>\n                        La gestion des stocks consiste \u00e0 maintenir un niveau de stock ad\u00e9quat pour garantir la continuit\u00e9 de la production tout en minimisant les co\u00fbts de stockage. \n                    <\/p>\n                    <a href=\"\"> <i class=\"arrow_right\"><\/i><\/a>\n                <\/div>\n                <!-- End Signle item -->                <!-- Signle item -->\n                <div class=\"item\">\n                    <div class=\"icon\">\n                        <i class=\"fal fa-print-search\"><\/i>\n                    <\/div>\n                    <h4>Gestion de la qualit\u00e9<\/h4>\n                    <p>\n                        La gestion de la qualit\u00e9 vise \u00e0 mettre en place un syst\u00e8me de management de la qualit\u00e9 et \u00e0 garantir la conformit\u00e9 des produits aux exigences des clients. \n                    <\/p>\n                    <a href=\"\"> <i class=\"arrow_right\"><\/i><\/a>\n                <\/div>\n                <!-- End Signle item -->            <\/div>\n        <\/div>\n    <\/div>\n    <!-- End Services -->\n\n    \t\t\t\t<\/div>\n\t\t\t\t<\/div>\n\t\t\t\t\t<\/div>\n\t\t<\/div>\n\t\t\t\t\t<\/div>\n\t\t<\/section>\n\t\t\t\t<section class=\"elementor-section elementor-top-section elementor-element elementor-element-ba25dbe elementor-section-full_width elementor-section-height-default elementor-section-height-default\" data-id=\"ba25dbe\" data-element_type=\"section\" data-e-type=\"section\">\n\t\t\t\t\t\t<div class=\"elementor-container elementor-column-gap-default\">\n\t\t\t\t\t<div class=\"elementor-column elementor-col-100 elementor-top-column elementor-element elementor-element-f974d5a\" data-id=\"f974d5a\" data-element_type=\"column\" data-e-type=\"column\">\n\t\t\t<div class=\"elementor-widget-wrap elementor-element-populated\">\n\t\t\t\t\t\t<div class=\"elementor-element elementor-element-8e8d5d9 elementor-widget elementor-widget-dah2faq\" data-id=\"8e8d5d9\" data-element_type=\"widget\" data-e-type=\"widget\" data-widget_type=\"dah2faq.default\">\n\t\t\t\t<div class=\"elementor-widget-container\">\n\t\t\t\t\t\n        <!-- Star Faq\n    ============================================= -->\n    <div class=\"faq-area default-padding-bottom\">\n        <div class=\"container\">\n            <div class=\"faq-items\">\n                <div class=\"row\">\n\n                    <div class=\"col-lg-6 thumb\">\n                        <img decoding=\"async\" src=\"https:\/\/wordpressriverthemes.com\/demodata\/wp-content\/uploads\/2022\/03\/13.png\" alt=\"Shape\">\n                    <\/div>\n\n                    <div class=\"col-lg-6\">\n                        <div class=\"faq-content\">\n                            <div class=\"accordion\" id=\"accordionExample\">\n                                                                <div class=\"card\">\n                                    <div class=\"card-header\" id=\"headingOne\">\n                                        <h4 class=\"mb-0\" data-toggle=\"collapse\" data-target=\"#collapseOne\" aria-expanded=\"true\" aria-controls=\"collapseOne\">\n                                              Where can I get analytics help?                                        <\/h4>\n                                    <\/div>\n\n                                    <div id=\"collapseOne\" class=\"collapse show\" aria-labelledby=\"headingOne\" data-parent=\"#accordionExample\">\n                                        <div class=\"card-body\">\n                                            <p>\n                                                Lorem ipsum dolor sit amet, consectetur adipisicing elit. Qui consectetur at, sunt maxime, quod alias ullam officiis, ex necessitatibus similique odio aut! Provident, adipisci esse vero magni necessitatibus quisquam commodi.                                            <\/p>\n                                        <\/div>\n                                    <\/div>\n                                <\/div>                                <div class=\"card\">\n                                    <div class=\"card-header\" id=\"headingOne\">\n                                        <h4 class=\"mb-0\" data-toggle=\"collapse\" data-target=\"#collapseOne\" aria-expanded=\"true\" aria-controls=\"collapseOne\">\n                                              How much does data analytics costs?                                        <\/h4>\n                                    <\/div>\n\n                                    <div id=\"collapseOne\" class=\"collapse \" aria-labelledby=\"headingOne\" data-parent=\"#accordionExample\">\n                                        <div class=\"card-body\">\n                                            <p>\n                                                Lorem ipsum dolor sit amet, consectetur adipisicing elit. Qui consectetur at, sunt maxime, quod alias ullam officiis, ex necessitatibus similique odio aut! Provident, adipisci esse vero magni necessitatibus quisquam commodi.                                            <\/p>\n                                        <\/div>\n                                    <\/div>\n                                <\/div>                                <div class=\"card\">\n                                    <div class=\"card-header\" id=\"headingOne\">\n                                        <h4 class=\"mb-0\" data-toggle=\"collapse\" data-target=\"#collapseOne\" aria-expanded=\"true\" aria-controls=\"collapseOne\">\n                                              What kind of data is needed for analysis?                                        <\/h4>\n                                    <\/div>\n\n                                    <div id=\"collapseOne\" class=\"collapse \" aria-labelledby=\"headingOne\" data-parent=\"#accordionExample\">\n                                        <div class=\"card-body\">\n                                            <p>\n                                                Lorem ipsum dolor sit amet, consectetur adipisicing elit. Qui consectetur at, sunt maxime, quod alias ullam officiis, ex necessitatibus similique odio aut! Provident, adipisci esse vero magni necessitatibus quisquam commodi.                                            <\/p>\n                                        <\/div>\n                                    <\/div>\n                                <\/div>\n                            <\/div>\n                        <\/div>\n                    <\/div>\n                    \n                <\/div>\n            <\/div>\n        <\/div>\n    <\/div>\n    <!-- End Faq -->\n\n\t\t\t\t<\/div>\n\t\t\t\t<\/div>\n\t\t\t\t\t<\/div>\n\t\t<\/div>\n\t\t\t\t\t<\/div>\n\t\t<\/section>\n\t\t\t\t<\/div>\n\t\t","protected":false},"excerpt":{"rendered":"<p>La gestion de production, un pilier de la performance industrielle pour les entreprises La gestion de production est une fonction essentielle pour toute entreprise industrielle. En ma\u00eetrisant ses diff\u00e9rents aspects, les entreprises peuvent am\u00e9liorer leur performance, leur comp\u00e9titivit\u00e9 et leur rentabilit\u00e9. Planification et pilotage de la production La planification et le pilotage de la production [&hellip;]<\/p>\n","protected":false},"author":1,"featured_media":125,"parent":0,"menu_order":0,"comment_status":"closed","ping_status":"closed","template":"page-templates\/pages.php","meta":{"footnotes":""},"class_list":["post-1089","page","type-page","status-publish","has-post-thumbnail","hentry"],"_links":{"self":[{"href":"https:\/\/www.testlyara.backxport.com\/index.php\/wp-json\/wp\/v2\/pages\/1089","targetHints":{"allow":["GET"]}}],"collection":[{"href":"https:\/\/www.testlyara.backxport.com\/index.php\/wp-json\/wp\/v2\/pages"}],"about":[{"href":"https:\/\/www.testlyara.backxport.com\/index.php\/wp-json\/wp\/v2\/types\/page"}],"author":[{"embeddable":true,"href":"https:\/\/www.testlyara.backxport.com\/index.php\/wp-json\/wp\/v2\/users\/1"}],"replies":[{"embeddable":true,"href":"https:\/\/www.testlyara.backxport.com\/index.php\/wp-json\/wp\/v2\/comments?post=1089"}],"version-history":[{"count":35,"href":"https:\/\/www.testlyara.backxport.com\/index.php\/wp-json\/wp\/v2\/pages\/1089\/revisions"}],"predecessor-version":[{"id":2242,"href":"https:\/\/www.testlyara.backxport.com\/index.php\/wp-json\/wp\/v2\/pages\/1089\/revisions\/2242"}],"wp:featuredmedia":[{"embeddable":true,"href":"https:\/\/www.testlyara.backxport.com\/index.php\/wp-json\/wp\/v2\/media\/125"}],"wp:attachment":[{"href":"https:\/\/www.testlyara.backxport.com\/index.php\/wp-json\/wp\/v2\/media?parent=1089"}],"curies":[{"name":"wp","href":"https:\/\/api.w.org\/{rel}","templated":true}]}}